{"id":2948,"date":"2016-07-09T15:01:35","date_gmt":"2016-07-09T15:01:35","guid":{"rendered":"http:\/\/www.everysailrace.com\/?page_id=2948"},"modified":"2016-07-09T18:49:13","modified_gmt":"2016-07-09T18:49:13","slug":"sm-2016-if","status":"publish","type":"page","link":"http:\/\/www.everysailrace.com\/?page_id=2948","title":{"rendered":"SM 2016 IF"},"content":{"rendered":"\n<div class=\"twitter-share\"><a href=\"https:\/\/twitter.com\/intent\/tweet?via=Every_sailrace\" class=\"twitter-share-button\">Tweet<\/a><\/div>\n<p><script src=\"\/\/pagead2.googlesyndication.com\/pagead\/js\/adsbygoogle.js\" async=\"\"><\/script><br \/>\n <!-- Everysailrace --><br \/>\n <ins class=\"adsbygoogle\" style=\"display: block;\" data-ad-client=\"ca-pub-4487550053079833\" data-ad-slot=\"8435785152\" data-ad-format=\"auto\"><\/ins><br \/>\n<script>\/\/ <![CDATA[\n(adsbygoogle = window.adsbygoogle || []).push({});\n\/\/ ]]><\/script><\/p>\n<p>&nbsp;<\/p>\n<table border=\"0\" frame=\"VOID\" rules=\"NONE\" cellspacing=\"0\">\n<colgroup>\n<col width=\"60\" \/>\n<col width=\"390\" \/>\n<col width=\"86\" \/>\n<col width=\"75\" \/>\n<col width=\"86\" \/>\n<col width=\"39\" \/>\n<col width=\"39\" \/>\n<col width=\"39\" \/>\n<col width=\"39\" \/>\n<col width=\"39\" \/>\n<col width=\"39\" \/>\n<col width=\"39\" \/>\n<col width=\"39\" \/>\n<col width=\"39\" \/><\/colgroup>\n<tbody>\n<tr>\n<td colspan=\"14\" align=\"LEFT\" width=\"1042\" height=\"17\"><b>SM f\u00f6r IF-b\u00e5tar<\/b><\/td>\n<\/tr>\n<tr>\n<td colspan=\"14\" align=\"LEFT\" height=\"17\"><b>Slutresultat \u00a0 Sk\u00e4rhamn 2016<\/b><\/td>\n<\/tr>\n<tr>\n<td align=\"CENTER\" bgcolor=\"#000066\" height=\"17\">Plats<\/td>\n<td align=\"LEFT\" bgcolor=\"#000066\">Bes\u00e4ttning<\/td>\n<td align=\"CENTER\" bgcolor=\"#000066\">B\u00e5tnamn<\/td>\n<td align=\"CENTER\" bgcolor=\"#000066\">SglNr<\/td>\n<td align=\"CENTER\" bgcolor=\"#000066\">Klubb<\/td>\n<td align=\"CENTER\" bgcolor=\"#000066\">1<\/td>\n<td align=\"CENTER\" bgcolor=\"#000066\">2<\/td>\n<td align=\"CENTER\" bgcolor=\"#000066\">3<\/td>\n<td align=\"CENTER\" bgcolor=\"#000066\">4<\/td>\n<td align=\"CENTER\" bgcolor=\"#000066\">5<\/td>\n<td align=\"CENTER\" bgcolor=\"#000066\">6<\/td>\n<td align=\"CENTER\" bgcolor=\"#000066\">7<\/td>\n<td align=\"CENTER\" bgcolor=\"#000066\">8<\/td>\n<td align=\"CENTER\" bgcolor=\"#000066\">Po\u00e4ng<\/td>\n<\/tr>\n<tr>\n<td align=\"CENTER\" height=\"17\">1<\/td>\n<td align=\"LEFT\">Jonas L\u00e4nje, Peter Andersson, Fredrik H\u00f6rnfeldt<\/td>\n<td align=\"RIGHT\">Qing<\/td>\n<td align=\"RIGHT\">3359<\/td>\n<td align=\"RIGHT\">LDSS<\/td>\n<td align=\"CENTER\" bgcolor=\"#FFFFFF\">1<\/td>\n<td align=\"CENTER\" bgcolor=\"#FFFFFF\">1<\/td>\n<td align=\"CENTER\" bgcolor=\"#FFFFFF\">3<\/td>\n<td align=\"CENTER\" bgcolor=\"#FFFFFF\">2<\/td>\n<td align=\"CENTER\" bgcolor=\"#FFFFFF\">3<\/td>\n<td align=\"CENTER\" bgcolor=\"#FFFFFF\">(OCS)<\/td>\n<td align=\"CENTER\" bgcolor=\"#FFFFFF\">2<\/td>\n<td align=\"CENTER\" bgcolor=\"#FFFFFF\">6<\/td>\n<td align=\"CENTER\" bgcolor=\"#999999\">18<\/td>\n<\/tr>\n<tr>\n<td align=\"CENTER\" height=\"17\">2<\/td>\n<td align=\"LEFT\">Fredrik Wigelius, Patrik Erlandsson, Lars Grad\u00e9n<\/td>\n<td align=\"RIGHT\">Primula<\/td>\n<td align=\"RIGHT\">1928<\/td>\n<td align=\"RIGHT\">G\u00e4ddviken<\/td>\n<td align=\"CENTER\" bgcolor=\"#FFFFFF\">7<\/td>\n<td align=\"CENTER\" bgcolor=\"#FFFFFF\">4<\/td>\n<td align=\"CENTER\" bgcolor=\"#FFFFFF\">1<\/td>\n<td align=\"CENTER\" bgcolor=\"#FFFFFF\">(DNF)<\/td>\n<td align=\"CENTER\" bgcolor=\"#FFFFFF\">1<\/td>\n<td align=\"CENTER\" bgcolor=\"#FFFFFF\">5<\/td>\n<td align=\"CENTER\" bgcolor=\"#FFFFFF\">1<\/td>\n<td align=\"CENTER\" bgcolor=\"#FFFFFF\">3<\/td>\n<td align=\"CENTER\" bgcolor=\"#999999\">22<\/td>\n<\/tr>\n<tr>\n<td align=\"CENTER\" height=\"17\">3<\/td>\n<td align=\"LEFT\">Johan Davidsson, Christer Eek, H\u00e5kan H\u00e4ggstr\u00f6m<\/td>\n<td align=\"RIGHT\">Eva II<\/td>\n<td align=\"RIGHT\">1113<\/td>\n<td align=\"RIGHT\">LDSS<\/td>\n<td align=\"CENTER\" bgcolor=\"#FFFFFF\">-13<\/td>\n<td align=\"CENTER\" bgcolor=\"#FFFFFF\">3<\/td>\n<td align=\"CENTER\" bgcolor=\"#FFFFFF\">8<\/td>\n<td align=\"CENTER\" bgcolor=\"#FFFFFF\">4<\/td>\n<td align=\"CENTER\" bgcolor=\"#FFFFFF\">2<\/td>\n<td align=\"CENTER\" bgcolor=\"#FFFFFF\">1<\/td>\n<td align=\"CENTER\" bgcolor=\"#FFFFFF\">3<\/td>\n<td align=\"CENTER\" bgcolor=\"#FFFFFF\">5<\/td>\n<td align=\"CENTER\" bgcolor=\"#999999\">26<\/td>\n<\/tr>\n<tr>\n<td align=\"CENTER\" height=\"17\">4<\/td>\n<td align=\"LEFT\">Fredrik Hansson, Mattias Alm, Malin K\u00e4llstr\u00f6m<\/td>\n<td align=\"RIGHT\">Stj\u00e4rna<\/td>\n<td align=\"RIGHT\">507<\/td>\n<td align=\"RIGHT\">BKSS<\/td>\n<td align=\"CENTER\" bgcolor=\"#FFFFFF\">3<\/td>\n<td align=\"CENTER\" bgcolor=\"#FFFFFF\">(DSQ)<\/td>\n<td align=\"CENTER\" bgcolor=\"#FFFFFF\">9<\/td>\n<td align=\"CENTER\" bgcolor=\"#FFFFFF\">1<\/td>\n<td align=\"CENTER\" bgcolor=\"#FFFFFF\">8<\/td>\n<td align=\"CENTER\" bgcolor=\"#FFFFFF\">3<\/td>\n<td align=\"CENTER\" bgcolor=\"#FFFFFF\">4<\/td>\n<td align=\"CENTER\" bgcolor=\"#FFFFFF\">2<\/td>\n<td align=\"CENTER\" bgcolor=\"#999999\">30<\/td>\n<\/tr>\n<tr>\n<td align=\"CENTER\" height=\"17\">5<\/td>\n<td align=\"LEFT\">Pontus Rosberg, Tomas Norberg, Anders Fernlund<\/td>\n<td align=\"RIGHT\">Apel-sinen<\/td>\n<td align=\"RIGHT\">3352<\/td>\n<td align=\"RIGHT\">Upsala SS<\/td>\n<td align=\"CENTER\" bgcolor=\"#FFFFFF\">5<\/td>\n<td align=\"CENTER\" bgcolor=\"#FFFFFF\">2<\/td>\n<td align=\"CENTER\" bgcolor=\"#FFFFFF\">4<\/td>\n<td align=\"CENTER\" bgcolor=\"#FFFFFF\">7<\/td>\n<td align=\"CENTER\" bgcolor=\"#FFFFFF\">4<\/td>\n<td align=\"CENTER\" bgcolor=\"#FFFFFF\">4<\/td>\n<td align=\"CENTER\" bgcolor=\"#FFFFFF\">-12<\/td>\n<td align=\"CENTER\" bgcolor=\"#FFFFFF\">4<\/td>\n<td align=\"CENTER\" bgcolor=\"#999999\">30<\/td>\n<\/tr>\n<tr>\n<td align=\"CENTER\" height=\"17\">6<\/td>\n<td align=\"LEFT\">Johan \u00c5qvist, Ulf Wrange, Peter Sandblom<\/td>\n<td align=\"RIGHT\">Stina<\/td>\n<td align=\"RIGHT\">2003<\/td>\n<td align=\"RIGHT\">Upsala SS<\/td>\n<td align=\"CENTER\" bgcolor=\"#FFFFFF\">4<\/td>\n<td align=\"CENTER\" bgcolor=\"#FFFFFF\">6<\/td>\n<td align=\"CENTER\" bgcolor=\"#FFFFFF\">2<\/td>\n<td align=\"CENTER\" bgcolor=\"#FFFFFF\">6<\/td>\n<td align=\"CENTER\" bgcolor=\"#FFFFFF\">-7<\/td>\n<td align=\"CENTER\" bgcolor=\"#FFFFFF\">7<\/td>\n<td align=\"CENTER\" bgcolor=\"#FFFFFF\">5<\/td>\n<td align=\"CENTER\" bgcolor=\"#FFFFFF\">1<\/td>\n<td align=\"CENTER\" bgcolor=\"#999999\">31<\/td>\n<\/tr>\n<tr>\n<td align=\"CENTER\" height=\"17\">7<\/td>\n<td align=\"LEFT\">G\u00f6ran Ejdeling, Anders Ejdeling, Sture Lindahl<\/td>\n<td align=\"RIGHT\">Svea<\/td>\n<td align=\"RIGHT\">2404<\/td>\n<td align=\"RIGHT\">LDSS<\/td>\n<td align=\"CENTER\" bgcolor=\"#FFFFFF\">6<\/td>\n<td align=\"CENTER\" bgcolor=\"#FFFFFF\">5<\/td>\n<td align=\"CENTER\" bgcolor=\"#FFFFFF\">5<\/td>\n<td align=\"CENTER\" bgcolor=\"#FFFFFF\">5<\/td>\n<td align=\"CENTER\" bgcolor=\"#FFFFFF\">6<\/td>\n<td align=\"CENTER\" bgcolor=\"#FFFFFF\">2<\/td>\n<td align=\"CENTER\" bgcolor=\"#FFFFFF\">7<\/td>\n<td align=\"CENTER\" bgcolor=\"#FFFFFF\">(OCS)<\/td>\n<td align=\"CENTER\" bgcolor=\"#999999\">36<\/td>\n<\/tr>\n<tr>\n<td align=\"CENTER\" height=\"17\">8<\/td>\n<td align=\"LEFT\">Sten Ljungstr\u00f6m, Ami Knee, Peter Ahl<\/td>\n<td align=\"RIGHT\">La Loba<\/td>\n<td align=\"RIGHT\">2129<\/td>\n<td align=\"RIGHT\">Tj\u00f6rns SS<\/td>\n<td align=\"CENTER\" bgcolor=\"#FFFFFF\">9<\/td>\n<td align=\"CENTER\" bgcolor=\"#FFFFFF\">19<\/td>\n<td align=\"CENTER\" bgcolor=\"#FFFFFF\">6<\/td>\n<td align=\"CENTER\" bgcolor=\"#FFFFFF\">(DNF)<\/td>\n<td align=\"CENTER\" bgcolor=\"#FFFFFF\">5<\/td>\n<td align=\"CENTER\" bgcolor=\"#FFFFFF\">6<\/td>\n<td align=\"CENTER\" bgcolor=\"#FFFFFF\">6<\/td>\n<td align=\"CENTER\" bgcolor=\"#FFFFFF\">7<\/td>\n<td align=\"CENTER\" bgcolor=\"#999999\">58<\/td>\n<\/tr>\n<tr>\n<td align=\"CENTER\" height=\"17\">9<\/td>\n<td align=\"LEFT\">Joop Somhorst, Peter Berg, H\u00e5kan Persson<\/td>\n<td align=\"RIGHT\">Ifke<\/td>\n<td align=\"RIGHT\">1702<\/td>\n<td align=\"RIGHT\">LDSS<\/td>\n<td align=\"CENTER\" bgcolor=\"#FFFFFF\">8<\/td>\n<td align=\"CENTER\" bgcolor=\"#FFFFFF\">11<\/td>\n<td align=\"CENTER\" bgcolor=\"#FFFFFF\">-12<\/td>\n<td align=\"CENTER\" bgcolor=\"#FFFFFF\">9<\/td>\n<td align=\"CENTER\" bgcolor=\"#FFFFFF\">12<\/td>\n<td align=\"CENTER\" bgcolor=\"#FFFFFF\">11<\/td>\n<td align=\"CENTER\" bgcolor=\"#FFFFFF\">8<\/td>\n<td align=\"CENTER\" bgcolor=\"#FFFFFF\">9<\/td>\n<td align=\"CENTER\" bgcolor=\"#999999\">68<\/td>\n<\/tr>\n<tr>\n<td align=\"CENTER\" height=\"17\">10<\/td>\n<td align=\"LEFT\">Joakim Eriksson, Janne Drotz, Magnus Danling<\/td>\n<td align=\"RIGHT\">Biffen<\/td>\n<td align=\"RIGHT\">1112<\/td>\n<td align=\"RIGHT\">KMS Nord\u00f6n<\/td>\n<td align=\"CENTER\" bgcolor=\"#FFFFFF\">12<\/td>\n<td align=\"CENTER\" bgcolor=\"#FFFFFF\">9<\/td>\n<td align=\"CENTER\" bgcolor=\"#FFFFFF\">7<\/td>\n<td align=\"CENTER\" bgcolor=\"#FFFFFF\">12<\/td>\n<td align=\"CENTER\" bgcolor=\"#FFFFFF\">-17<\/td>\n<td align=\"CENTER\" bgcolor=\"#FFFFFF\">13<\/td>\n<td align=\"CENTER\" bgcolor=\"#FFFFFF\">11<\/td>\n<td align=\"CENTER\" bgcolor=\"#FFFFFF\">10<\/td>\n<td align=\"CENTER\" bgcolor=\"#999999\">74<\/td>\n<\/tr>\n<tr>\n<td align=\"CENTER\" height=\"17\">11<\/td>\n<td align=\"LEFT\">Tore Larsson, Rickard Bensryd, Christer Hedlund<\/td>\n<td align=\"RIGHT\">Martell<\/td>\n<td align=\"RIGHT\">2880<\/td>\n<td align=\"RIGHT\">BKSS<\/td>\n<td align=\"CENTER\" bgcolor=\"#FFFFFF\">10<\/td>\n<td align=\"CENTER\" bgcolor=\"#FFFFFF\">14<\/td>\n<td align=\"CENTER\" bgcolor=\"#FFFFFF\">15<\/td>\n<td align=\"CENTER\" bgcolor=\"#FFFFFF\">15<\/td>\n<td align=\"CENTER\" bgcolor=\"#FFFFFF\">-18<\/td>\n<td align=\"CENTER\" bgcolor=\"#FFFFFF\">9<\/td>\n<td align=\"CENTER\" bgcolor=\"#FFFFFF\">10<\/td>\n<td align=\"CENTER\" bgcolor=\"#FFFFFF\">11<\/td>\n<td align=\"CENTER\" bgcolor=\"#999999\">84<\/td>\n<\/tr>\n<tr>\n<td align=\"CENTER\" height=\"17\">12<\/td>\n<td align=\"LEFT\">Anders Carlsson, Thomas Persson, Christer Sellin<\/td>\n<td align=\"RIGHT\"><\/td>\n<td align=\"RIGHT\">942<\/td>\n<td align=\"RIGHT\">\u00d6viksSS<\/td>\n<td align=\"CENTER\" bgcolor=\"#FFFFFF\">2<\/td>\n<td align=\"CENTER\" bgcolor=\"#FFFFFF\">7<\/td>\n<td align=\"CENTER\" bgcolor=\"#FFFFFF\">13<\/td>\n<td align=\"CENTER\" bgcolor=\"#FFFFFF\">8<\/td>\n<td align=\"CENTER\" bgcolor=\"#FFFFFF\">10<\/td>\n<td align=\"CENTER\" bgcolor=\"#FFFFFF\">(OCS)<\/td>\n<td align=\"CENTER\" bgcolor=\"#FFFFFF\">DNC<\/td>\n<td align=\"CENTER\" bgcolor=\"#FFFFFF\">DNC<\/td>\n<td align=\"CENTER\" bgcolor=\"#999999\">86<\/td>\n<\/tr>\n<tr>\n<td align=\"CENTER\" height=\"17\">13<\/td>\n<td align=\"LEFT\">Anders Ewert, Anders \u00d6fverman, Claes Annerstedt<\/td>\n<td align=\"RIGHT\">Alf R\u00f6dbena<\/td>\n<td align=\"RIGHT\">222<\/td>\n<td align=\"RIGHT\">Sunnesk\u00e4rs<\/td>\n<td align=\"CENTER\" bgcolor=\"#FFFFFF\">11<\/td>\n<td align=\"CENTER\" bgcolor=\"#FFFFFF\">(DNF)<\/td>\n<td align=\"CENTER\" bgcolor=\"#FFFFFF\">BFD<\/td>\n<td align=\"CENTER\" bgcolor=\"#FFFFFF\">OCS<\/td>\n<td align=\"CENTER\" bgcolor=\"#FFFFFF\">11<\/td>\n<td align=\"CENTER\" bgcolor=\"#FFFFFF\">8<\/td>\n<td align=\"CENTER\" bgcolor=\"#FFFFFF\">9<\/td>\n<td align=\"CENTER\" bgcolor=\"#FFFFFF\">8<\/td>\n<td align=\"CENTER\" bgcolor=\"#999999\">93<\/td>\n<\/tr>\n<tr>\n<td align=\"CENTER\" height=\"17\">14<\/td>\n<td align=\"LEFT\">Martin Rundstr\u00f6m, A Christensson, M Danielsson<\/td>\n<td align=\"RIGHT\">Filijokus<\/td>\n<td align=\"RIGHT\">2719<\/td>\n<td align=\"RIGHT\">\u00a0G\u00e4ddviken<\/td>\n<td align=\"CENTER\" bgcolor=\"#FFFFFF\">-19<\/td>\n<td align=\"CENTER\" bgcolor=\"#FFFFFF\">16<\/td>\n<td align=\"CENTER\" bgcolor=\"#FFFFFF\">17<\/td>\n<td align=\"CENTER\" bgcolor=\"#FFFFFF\">11<\/td>\n<td align=\"CENTER\" bgcolor=\"#FFFFFF\">13<\/td>\n<td align=\"CENTER\" bgcolor=\"#FFFFFF\">10<\/td>\n<td align=\"CENTER\" bgcolor=\"#FFFFFF\">18<\/td>\n<td align=\"CENTER\" bgcolor=\"#FFFFFF\">13<\/td>\n<td align=\"CENTER\" bgcolor=\"#999999\">98<\/td>\n<\/tr>\n<tr>\n<td align=\"CENTER\" height=\"17\">15<\/td>\n<td align=\"LEFT\">Peter B\u00e4cklund, Per Sandberg, Niels Flohr<\/td>\n<td align=\"RIGHT\"><\/td>\n<td align=\"RIGHT\">2399<\/td>\n<td align=\"RIGHT\">Tj\u00f6rns SS<\/td>\n<td align=\"CENTER\" bgcolor=\"#FFFFFF\">15<\/td>\n<td align=\"CENTER\" bgcolor=\"#FFFFFF\">(DNF)<\/td>\n<td align=\"CENTER\" bgcolor=\"#FFFFFF\">10<\/td>\n<td align=\"CENTER\" bgcolor=\"#FFFFFF\">3<\/td>\n<td align=\"CENTER\" bgcolor=\"#FFFFFF\">9<\/td>\n<td align=\"CENTER\" bgcolor=\"#FFFFFF\">DSQ<\/td>\n<td align=\"CENTER\" bgcolor=\"#FFFFFF\">DNC<\/td>\n<td align=\"CENTER\" bgcolor=\"#FFFFFF\">DNC<\/td>\n<td align=\"CENTER\" bgcolor=\"#999999\">106<\/td>\n<\/tr>\n<tr>\n<td align=\"CENTER\" height=\"17\">16<\/td>\n<td align=\"LEFT\">Per Lundin, Tobias Lundin, Linus Lundin<\/td>\n<td align=\"RIGHT\">Ottokina<\/td>\n<td align=\"RIGHT\">0<\/td>\n<td align=\"RIGHT\">Getsk\u00e4rs SS<\/td>\n<td align=\"CENTER\" bgcolor=\"#FFFFFF\">18<\/td>\n<td align=\"CENTER\" bgcolor=\"#FFFFFF\">15<\/td>\n<td align=\"CENTER\" bgcolor=\"#FFFFFF\">-20<\/td>\n<td align=\"CENTER\" bgcolor=\"#FFFFFF\">17<\/td>\n<td align=\"CENTER\" bgcolor=\"#FFFFFF\">19<\/td>\n<td align=\"CENTER\" bgcolor=\"#FFFFFF\">12<\/td>\n<td align=\"CENTER\" bgcolor=\"#FFFFFF\">15<\/td>\n<td align=\"CENTER\" bgcolor=\"#FFFFFF\">12<\/td>\n<td align=\"CENTER\" bgcolor=\"#999999\">108<\/td>\n<\/tr>\n<tr>\n<td align=\"CENTER\" height=\"17\">17<\/td>\n<td align=\"LEFT\">Lars Nordin, Patrik Nyberg, Mikael Edstr\u00f6m<\/td>\n<td align=\"RIGHT\">Gr\u00e5smurfen<\/td>\n<td align=\"RIGHT\">2436<\/td>\n<td align=\"RIGHT\">\u00d6viks SS<\/td>\n<td align=\"CENTER\" bgcolor=\"#FFFFFF\">14<\/td>\n<td align=\"CENTER\" bgcolor=\"#FFFFFF\">8<\/td>\n<td align=\"CENTER\" bgcolor=\"#FFFFFF\">14<\/td>\n<td align=\"CENTER\" bgcolor=\"#FFFFFF\">13<\/td>\n<td align=\"CENTER\" bgcolor=\"#FFFFFF\">(DNS)<\/td>\n<td align=\"CENTER\" bgcolor=\"#FFFFFF\">DNS<\/td>\n<td align=\"CENTER\" bgcolor=\"#FFFFFF\">DNF<\/td>\n<td align=\"CENTER\" bgcolor=\"#FFFFFF\">DNS<\/td>\n<td align=\"CENTER\" bgcolor=\"#999999\">118<\/td>\n<\/tr>\n<tr>\n<td align=\"CENTER\" height=\"17\">18<\/td>\n<td align=\"LEFT\">Christer Wallsten, P. St\u00e5lhandske, Mats Bengtsson<\/td>\n<td align=\"RIGHT\">Modesty Blaise 2<\/td>\n<td align=\"RIGHT\">3061<\/td>\n<td align=\"RIGHT\">Upsala SS<\/td>\n<td align=\"CENTER\" bgcolor=\"#FFFFFF\">16<\/td>\n<td align=\"CENTER\" bgcolor=\"#FFFFFF\">12<\/td>\n<td align=\"CENTER\" bgcolor=\"#FFFFFF\">(DNF)<\/td>\n<td align=\"CENTER\" bgcolor=\"#FFFFFF\">16<\/td>\n<td align=\"CENTER\" bgcolor=\"#FFFFFF\">15<\/td>\n<td align=\"CENTER\" bgcolor=\"#FFFFFF\">OCS<\/td>\n<td align=\"CENTER\" bgcolor=\"#FFFFFF\">13<\/td>\n<td align=\"CENTER\" bgcolor=\"#FFFFFF\">DNS<\/td>\n<td align=\"CENTER\" bgcolor=\"#999999\">118<\/td>\n<\/tr>\n<tr>\n<td align=\"CENTER\" height=\"17\">19<\/td>\n<td align=\"LEFT\">H\u00e5kan Larsson, Lars Hammar, Karl Hammar<\/td>\n<td align=\"RIGHT\">Tiffany<\/td>\n<td align=\"RIGHT\">95<\/td>\n<td align=\"RIGHT\">Tj\u00f6rns SS<\/td>\n<td align=\"CENTER\" bgcolor=\"#FFFFFF\">(DSQ)<\/td>\n<td align=\"CENTER\" bgcolor=\"#FFFFFF\">10<\/td>\n<td align=\"CENTER\" bgcolor=\"#FFFFFF\">11<\/td>\n<td align=\"CENTER\" bgcolor=\"#FFFFFF\">14<\/td>\n<td align=\"CENTER\" bgcolor=\"#FFFFFF\">16<\/td>\n<td align=\"CENTER\" bgcolor=\"#FFFFFF\">DSQ<\/td>\n<td align=\"CENTER\" bgcolor=\"#FFFFFF\">DNC<\/td>\n<td align=\"CENTER\" bgcolor=\"#FFFFFF\">DNC<\/td>\n<td align=\"CENTER\" bgcolor=\"#999999\">120<\/td>\n<\/tr>\n<tr>\n<td align=\"CENTER\" height=\"17\">20<\/td>\n<td align=\"LEFT\">Bengt Cederblad, Tiina Andersson, Lars Andersson<\/td>\n<td align=\"RIGHT\">AgdaV\u00e5rregn<\/td>\n<td align=\"RIGHT\">1094<\/td>\n<td align=\"RIGHT\">LDSS<\/td>\n<td align=\"CENTER\" bgcolor=\"#FFFFFF\">17<\/td>\n<td align=\"CENTER\" bgcolor=\"#FFFFFF\">13<\/td>\n<td align=\"CENTER\" bgcolor=\"#FFFFFF\">16<\/td>\n<td align=\"CENTER\" bgcolor=\"#FFFFFF\">(OCS)<\/td>\n<td align=\"CENTER\" bgcolor=\"#FFFFFF\">14<\/td>\n<td align=\"CENTER\" bgcolor=\"#FFFFFF\">OCS<\/td>\n<td align=\"CENTER\" bgcolor=\"#FFFFFF\">14<\/td>\n<td align=\"CENTER\" bgcolor=\"#FFFFFF\">DNS<\/td>\n<td align=\"CENTER\" bgcolor=\"#999999\">120<\/td>\n<\/tr>\n<tr>\n<td align=\"CENTER\" height=\"17\">21<\/td>\n<td align=\"LEFT\">Karin H\u00e5rding, Maria Shearer, Linda Dahl<\/td>\n<td align=\"RIGHT\">Ida Glid<\/td>\n<td align=\"RIGHT\">1489<\/td>\n<td align=\"RIGHT\">KMS Nord\u00f6n<\/td>\n<td align=\"CENTER\" bgcolor=\"#FFFFFF\">21<\/td>\n<td align=\"CENTER\" bgcolor=\"#FFFFFF\">18<\/td>\n<td align=\"CENTER\" bgcolor=\"#FFFFFF\">19<\/td>\n<td align=\"CENTER\" bgcolor=\"#FFFFFF\">19<\/td>\n<td align=\"CENTER\" bgcolor=\"#FFFFFF\">21<\/td>\n<td align=\"CENTER\" bgcolor=\"#FFFFFF\">14<\/td>\n<td align=\"CENTER\" bgcolor=\"#FFFFFF\">17<\/td>\n<td align=\"CENTER\" bgcolor=\"#FFFFFF\">(DNS)<\/td>\n<td align=\"CENTER\" bgcolor=\"#999999\">129<\/td>\n<\/tr>\n<tr>\n<td align=\"CENTER\" height=\"17\">22<\/td>\n<td align=\"LEFT\">Carl-Axel Hellman, Kenneth Krohn, Bengt B\u00e5ysen<\/td>\n<td align=\"RIGHT\">Women in \u00a0red<\/td>\n<td align=\"RIGHT\">1319<\/td>\n<td align=\"RIGHT\">Marstrand<\/td>\n<td align=\"CENTER\" bgcolor=\"#FFFFFF\">20<\/td>\n<td align=\"CENTER\" bgcolor=\"#FFFFFF\">(DNF)<\/td>\n<td align=\"CENTER\" bgcolor=\"#FFFFFF\">18<\/td>\n<td align=\"CENTER\" bgcolor=\"#FFFFFF\">18<\/td>\n<td align=\"CENTER\" bgcolor=\"#FFFFFF\">20<\/td>\n<td align=\"CENTER\" bgcolor=\"#FFFFFF\">15<\/td>\n<td align=\"CENTER\" bgcolor=\"#FFFFFF\">16<\/td>\n<td align=\"CENTER\" bgcolor=\"#FFFFFF\">DNS<\/td>\n<td align=\"CENTER\" bgcolor=\"#999999\">130<\/td>\n<\/tr>\n<\/tbody>\n<\/table>\n\n<div class=\"twitter-share\"><a href=\"https:\/\/twitter.com\/intent\/tweet?via=Every_sailrace\" class=\"twitter-share-button\">Tweet<\/a><\/div>\n","protected":false},"excerpt":{"rendered":"<p>&nbsp; SM f\u00f6r IF-b\u00e5tar Slutresultat \u00a0 Sk\u00e4rhamn 2016 Plats Bes\u00e4ttning B\u00e5tnamn SglNr Klubb 1 2 3 4 5 6 7 8 Po\u00e4ng 1 Jonas L\u00e4nje, Peter Andersson, Fredrik H\u00f6rnfeldt Qing 3359 LDSS 1 1 3 2 3 (OCS) 2 6 18 2 Fredrik Wigelius, Patrik Erlandsson, Lars Grad\u00e9n Primula 1928 G\u00e4ddviken 7 4 1 (DNF) [&hellip;]<\/p>\n","protected":false},"author":1,"featured_media":0,"parent":2478,"menu_order":0,"comment_status":"closed","ping_status":"closed","template":"page-full.php","meta":[],"_links":{"self":[{"href":"http:\/\/www.everysailrace.com\/index.php?rest_route=\/wp\/v2\/pages\/2948"}],"collection":[{"href":"http:\/\/www.everysailrace.com\/index.php?rest_route=\/wp\/v2\/pages"}],"about":[{"href":"http:\/\/www.everysailrace.com\/index.php?rest_route=\/wp\/v2\/types\/page"}],"author":[{"embeddable":true,"href":"http:\/\/www.everysailrace.com\/index.php?rest_route=\/wp\/v2\/users\/1"}],"replies":[{"embeddable":true,"href":"http:\/\/www.everysailrace.com\/index.php?rest_route=%2Fwp%2Fv2%2Fcomments&post=2948"}],"version-history":[{"count":4,"href":"http:\/\/www.everysailrace.com\/index.php?rest_route=\/wp\/v2\/pages\/2948\/revisions"}],"predecessor-version":[{"id":2961,"href":"http:\/\/www.everysailrace.com\/index.php?rest_route=\/wp\/v2\/pages\/2948\/revisions\/2961"}],"up":[{"embeddable":true,"href":"http:\/\/www.everysailrace.com\/index.php?rest_route=\/wp\/v2\/pages\/2478"}],"wp:attachment":[{"href":"http:\/\/www.everysailrace.com\/index.php?rest_route=%2Fwp%2Fv2%2Fmedia&parent=2948"}],"curies":[{"name":"wp","href":"https:\/\/api.w.org\/{rel}","templated":true}]}}